- 16*d**2 + 2*d**2 - 5*d**3. Give w(9).
-135
Let b(d) = 147 + 3*d - 22 + 3*d + 23*d. Let n be b(-4). Let c(i) = -i**3 + 8*i**2 + 9*i - 6. What is c(n)?
-6
Let x = 71 - 98. Let k = 23 + x. Let z be -3 + (4 - k/12*0). Let y(a) = 3*a**2. What is y(z)?
3
Let w(t) = -t**2 + 5*t. Let x(i) = -i**3 - 26*i**2 - 22*i + 75. Let g be x(-25). Suppose 4*a = 2*a + 8, 2*q - 3*a = g. Determine w(q).
-6
Let g be ((-8)/(-3))/((1720/60)/43). Let j(f) = -f**3 + 2*f**2 + 4*f + 5. Give j(g).
-11
Let o(l) = -l**2 - 3*l + 4. Let v(j) = 0 + 5 - 5*j**2 + 4*j**2 - 5*j + 0. Let t(f) = 3*o(f) - 2*v(f). Determine t(0).
2
Let b = 16810 + -16807. Let m(t) = -7*t + 22. Determine m(b).
1
Let c(f) = -f + 20. Let w(l) = 15*l**2 - 2*l - 1407 - 1408 + 2816. Let z be w(1). Calculate c(z).
6
Let d(f) be the second derivative of f**5/20 + f**4/2 - f**3/6 + 579*f - 1. Determine d(-6).
6
Let i be (-5 + 12 - 4)/1. Let f(m) = -2*m**3 + 7*m**3 - 11*m**3 + 2 - 3*m + 4*m**i. What is f(2)?
-20
Let r(h) be the first derivative of -h**4/4 + 10*h**3/3 - 27*h**2/2 + 17*h - 13529. Determine r(6).
-1
Let l(g) = -17*g**2 + 69*g - 44. Let f(r) = 3*r**2 - 13*r + 9. Let a(v) = -11*f(v) - 2*l(v). Determine a(-6).
-5
Let b(l) be the second derivative of l**3/6 - 89*l**2/2 - 2870*l. Give b(0).
-89
Let o(m) = -2*m + 2. Suppose 6 = 3*a, -z - 147*a + 11 = -152*a. Determine o(z).
-40
Let g(o) be the first derivative of -19*o**2/2 + 33*o + 2479. Calculate g(2).
-5
Let q(r) = -r + 1. Let t(y) be the second derivative of -y**5/20 + 2*y**4/3 + 3*y**3/2 + 2*y**2 - y. Let v = -3287 - -3296. Let o be t(v). Give q(o).
-3
Let m(x) be the second derivative of 1/20*x**5 - 5/6*x**3 + 0 - 15*x - 1/3*x**4 + x**2. Calculate m(4).
-18
Let n(d) = -d - 12. Suppose 105 - 15 = 18*l. Suppose 4*b + 3*v + 65 = -2*v, l*v = -25. Calculate n(b).
-2
Let z(r) = r + 7. Let a(q) = 4. Let i(c) = 11*a(c) - 6*z(c). Suppose 2*v + 4*j - 22 = 0, -2*j + 243 = -2*v + 223. What is i(v)?
20
Let k(v) = v**2 + 12*v - 66. Suppose 57*p = -56*p + 109*p + 16. Calculate k(p).
-2
Suppose h - 4*r + 24 = r, 3*h - 3*r = -12. Let j be h/(-5) - 46/(-5). Let o(m) = -m**2 + 664 + 115 + 8*m - 775. What is o(j)?
-5
Let l(d) = 2*d**2 + 37*d - 46. Let h(v) = -16*v**2 - 685*v + 109. Let t be h(-43). Give l(t).
14
Let v(b) = 2*b. Let u(x) = -2*x**2 + x - 5. Let r be u(2). Let i be 20/8*(-8)/(-10). Let g(a) = 10*a + 1. Let d(n) = i*g(n) + r*v(n). What is d(-6)?
14
Suppose -9*b + 33*b - 2376 = 0. Let v(i) = 34*i + 12*i**2 + 64*i - 5 + i**3 - b*i. Determine v(-12).
7
Let a = -43 + 45. Suppose 0 = z - v - 0 - 3, -5*z - a*v + 1 = 0. Let i(p) = -18*p**3 + 2*p**2 - 1. Calculate i(z).
-17
Suppose -66*o + 64*o = -8. Suppose 0 = 2*t + d + 9, -5 = -t - o*d + 1. Let m(x) = 1. Let w(z) = z - 4. Let a(k) = -6*m(k) - w(k). Determine a(t).
4
Let h(d) = d - 11. Let y(w) = -w**3 - 8*w**2 - 9*w - 64. Let g be y(-8). Let r(s) = -s**3 + 8*s**2 + 9. Let t be r(g). Calculate h(t).
-2
Let r(q) be the second derivative of q**6/360 + q**5/15 + q**4/24 + 2*q**3/3 + 17*q**2/2 + 5*q - 4. Let t(m) be the second derivative of r(m). Determine t(-4).
-15
Let y(q) = 4*q**3 + 24*q**2 + 26*q + 60. Let r(l) = -11*l**3 - 72*l**2 - 77*l - 169. Let w(x) = 3*r(x) + 8*y(x). Calculate w(-23).
-27
Let o(x) be the second derivative of -5*x**3/3 + 4*x**2 + 8549*x. Give o(-1).
18
Let f(l) be the third derivative of l**7/5040 + l**6/240 + 7*l**5/60 + l**4/4 - l**2 + 33*l. Let q(s) be the third derivative of f(s). What is q(-3)?
0
Suppose -6*n - 44 = -10*n. Let o(r) be the first derivative of -r**3/3 + 6*r**2 - 16*r - 132. Give o(n).
-5
Let c be 5 - (-13)/130*-130. Let p(s) = 1 - 9*s**2 - 5*s - s**3 - 4*s + 1. Give p(c).
10
Suppose 0 = -3*m - l - 0*l - 489, -4*m + l = 645. Let n = -164 - m. Let f(o) = -o**3 - 3*o + 1. Let v(i) = -i. Let x(y) = f(y) - 2*v(y). Determine x(n).
11
Let j(k) be the second derivative of -k**4/3 + k**3/6 + k**2 - 13*k. Suppose -40*y = 8 - 88. Give j(y).
-12
Let b be 1 - 1/(-3)*3. Let n(l) = -l + 1. Let h(i) = -5*i + 5. Let u(k) = b*h(k) - 9*n(k). Let m(j) = -2*j**2 + 12*j - 17. Let o be m(4). What is u(o)?
2
Let a(i) = -3*i**2 + 5*i - 16. Let q(p) = p**2 + 19*p - 369. Let z be q(12). Calculate a(z).
-28
Let y(g) = 51*g + 1425. Let x be y(-28). Let c(u) = -100*u - 297. Calculate c(x).
3
Let q(m) be the first derivative of m**3/3 + 9*m**2/2 - 13*m + 335050. Suppose -o - 24 = 2*z, -3*z + 4*o = -2*z + 3. What is q(z)?
9
Let j(y) = 7*y**2 + 20*y + 36. Let x(z) = 73*z**2 + 201*z + 360. Let o(q) = -21*j(q) + 2*x(q). Determine o(-17).
-19
Let i(g) = 4*g + 12. Let p(m) = m**2 - 20*m + 51. Let t = 309 - 293. Let x be p(t). What is i(x)?
-40
Let f(g) = 7*g - 1. Let y(b) = 2*b - 8. Let k be y(4). Suppose k = 4*j + 3*u - 110, -6*j + 4*j + u + 50 = 0. Let a = j - 27. Determine f(a).
-8
Let b(l) = 3*l**2 + 16*l - 5. Let o(n) = -7*n**2 - 33*n + 11. Let a(w) = 9*b(w) + 4*o(w). Let i = 77037 - 77027. What is a(i)?
19
Let c(i) = 2*i**2 - i - 1. Let t(o) = 5*o**2 - 5*o + 3. Let n(l) = 4*c(l) - t(l). Let p be n(0). Let h(u) = u**3 + 8*u**2 + 8*u + 4. Calculate h(p).
-3
Let x(w) = -w**3 - 2*w - 47. Let u be (-5 + 17 + -12)/(-4 + 0). Give x(u).
-47
Let k(g) be the third derivative of -g**5/60 + 5*g**4/24 - g**3/3 + 1917*g**2. Suppose 3*d + 6 = 24. What is k(d)?
-8
Suppose -2*n + c - 26 = 5*c, 0 = -4*n + 3*c + 3. Let f = 1 + n. Let q(v) = 106*v**2 + 7*v**3 + 111*v**2 + 105*v**2 - 321*v**2 + 2*v + 3 - 8*v**3. Give q(f).
11
Let l(b) = 4*b**2 + 30*b + 13. Suppose 4 = -d - 4*a - 7, 0 = 3*d + a + 22. Calculate l(d).
-1
Let d(m) = 16*m - 6. Let f(s) = -11*s + 5. Let a(j) = -2*d(j) - 3*f(j). Let i be a(5). Let l(k) = -3*k**2 + 3*k - 2. Give l(i).
-8
Let s(d) be the second derivative of d**4/4 - 7*d**3/3 - 10*d**2 - 1528*d. What is s(6)?
4
Let g(h) = -19*h**2 + 74*h - 323. Let u(z) = 7*z**2 - 25*z + 106. Let j(c) = -3*g(c) - 8*u(c). Calculate j(13).
4
Let k(x) = 1336*x - 25. Let h(n) = 535*n - 13. Let y(r) = -5*h(r) + 2*k(r). Give y(1).
12
Let u(d) = -42 - 250*d + 264*d + 3*d**2 - 4*d**2. Let s be u(8). Let c(z) = -z**3 + 10*z**2 - s + 0*z**2 - 5*z**2 + 12. Determine c(5).
6
Let u(b) = -5*b**2 + 13*b - 15. Let k(h) = 3*h**2 - 7*h + 8. Let g(o) = 7*k(o) + 4*u(o). Let m(x) = 76*x + 298. Let r be m(-4). Give g(r).
14
Let s(a) = -a**2 + 394*a - 10244. Let f be s(28). Let k(b) be the third derivative of 29*b**2 - b**3 + 0 - 1/24*b**f + 0*b. Determine k(-5).
-1
Suppose 11842 - 11822 = -4*o. Let j(l) = -15*l + 2. Give j(o).
77
Let i(r) = -r**2 + 27*r - 100. Let h be (-23)/(-25 - (-6 - 18)). Determine i(h).
-8
Let l(r) = -89*r + 135. Let h(c) = 156*c - 236. Let y(w) = 9*h(w) + 16*l(w). Give y(3).
-24
Let l(o) = -222*o**2 + 6*o + 6. Let f(y) = -332*y**2 + 9*y + 9. Let q(x) = 5*f(x) - 8*l(x). Give q(-1).
116
Let f be 4/10*(-11 - -16). Let z(b) = 7*b + 6*b - f - 13*b + b**2. What is z(3)?
7
Let y = -5075 + 5080. Let r(k) = -7*k. What is r(y)?
-35
Let i be (2 + -2)/2 - 2. Let y(b) = -14*b + 34. Let p(l) = -9*l + 22. Let w(x) = -8*p(x) + 5*y(x). Let j(f) = f - 3. Let r(h) = i*w(h) + 5*j(h). Determine r(4).
1
Let w = 147 - 159. Let b(v) = 4*v**3 + 9*v**2 - v - 8. Let d(a) = 3*a**3 + 10*a**2 - a - 9. Let y(u) = 2*b(u) - 3*d(u). What is y(w)?
-1
Let k be 336/(-588)*63/(-2). Let q(d) = -6*d + 72. Give q(k).
-36
Let k(q) = q - 1. Suppose 5*f - 10 = -3*p, 0 + 4 = p + 2*f. Suppose 3*o = -5*n + 33, 2*o + 5*n - n - 20 = p. Let v be (1 - 5)*((-68)/o + 4). Calculate k(v).
0
Let c(n) = -50584 + 5*n**2 - 2*n**2 - 4*n**2 + 50578 - 7*n. Suppose -32 = 27*d - 23*d. Determine c(d).
-14
Let i(h) = -h**3 + 28*h**2 + 3. Let b be i(28). Suppose -b*k + 5 = -1. Let r(m) = 11 - m**k - 31 + 19. Determine r(0).
-1
Let s(j) = j**3 - 14*j**2 + 12*j + 11. Let b(o) = o**3 + 12*o**2 - 13*o + 2. Let l be b(-13). Suppose l*p = -3*p + 3*c + 59, -2*c + 56 = 4*p. Calculate s(p).
-2
Let r(f) = -f + 11. Let h be 30*((-141)/(-329) + 0 + (-39)/42). Give r(h).
26
Suppose 0 = -3*o + o + 14. Suppose 3 = o*y - 6*y. Suppose 0 = -z + y*q - 17, 0 = 2*z - 2*q + 13 + 5. Let n(s) = -s - 5. Determine n(z).
0
Let s(h) = h**3 - 8*h**2 + 6*h + 6. Suppose -4*j = -0*l + 2*l + 42, -12 = 4*j. Let f = 22 + l. Calculate s(f).
-1
Let z(r) = 5*r + 7 - 6*r + 5*r. Let t be (2 + -6 - -1 - 12) + 8. Give z(t).
-21
Let t = 15 + -22. Let w(h) = -66*h - 229. Let j(x) = -31*x - 107. Let b(a) = 17*j(a)